1. Let k be (-2)/2 - (-2874)/(-479). Give f(k).
29
Let p(l) = -l**2 - 34*l - 134. Let f be p(-4). Let i(t) = t**2 + 12*t - 27. What is i(f)?
1
Let b(t) = -9. Let f(z) = -z**2 + z + 1. Let r(g) = -b(g) - 3*f(g). Determine r(2).
12
Let f(i) = -449819 + 449816 - i - 5*i**2 + 25*i**2. Determine f(-1).
18
Let g(k) be the second derivative of k**6/360 - k**5/24 + 5*k**4/12 + 23*k + 2. Let y(o) be the third derivative of g(o). Calculate y(-3).
-11
Let d(j) = 217*j + 5. Let z(y) = -1193*y - 25. Let a(l) = -11*d(l) - 2*z(l). Suppose s = -2, 5*i + 40 = -s + 8. What is a(i)?
1
Let l(r) = -14*r**2 + 11*r - 10. Suppose 527*w = 595*w - 68. Determine l(w).
-13
Let r(d) be the second derivative of 2*d**3/3 + d**2 + d. Let a = 216 + -208. Suppose -5*m - a*m + 39 = 0. Determine r(m).
14
Let k(q) = 52 + q - 2*q - 36. Let h(y) = -3*y**2 - 2*y - 8. Let s(j) = -4*j**2 - 3*j - 8. Let m(p) = -5*h(p) + 4*s(p). Let a be m(2). What is k(a)?
16
Let i(r) be the third derivative of 11*r**6/360 + r**4/24 + 19*r**3/3 + 16*r**2 - 5. Let t(y) be the first derivative of i(y). What is t(-1)?
12
Let y(s) be the third derivative of s**6/120 - 13*s**5/60 - 11*s**4/24 - 17*s**3/6 + 60*s**2 - 8. Calculate y(14).
25
Let v(f) = -87*f**2 + 14*f**2 - 119908 + 5*f + 119909 - 7*f. Calculate v(1).
-74
Suppose -3*z = -6*z + 12. Suppose -z*b + 40 = 4*u, b - 3*u = -6*u + 20. Let s(p) = -b*p + 3*p - 9 + 7*p. Give s(6).
21
Let c(r) = 41*r**2 - 286*r + 1. Suppose 22*m - 17*m - 4*k = 19, -m = -5*k + 13. Determine c(m).
8
Let l(v) = 5*v**2 - 3*v + 22. Let r be l(-7). Let u be (-4)/(-30) - r/135. Let j(n) = -5*n - 3 + n - 5*n**2 + n. Give j(u).
-17
Let o = 11204 + -11200. Let k(n) = 18*n + 5. Calculate k(o).
77
Let c(z) = -z**3 - 3*z**2 + 5*z + 2. Suppose 3*p - 11 = -2*w, p = -p - 5*w. Suppose 5*u - p = -4*o - 31, 5*o = 2*u - 16. Determine c(o).
-2
Let b(n) = -7 + 3*n**3 + 489*n + 502*n - 9*n**2 - 2*n**3 - 971*n. Give b(5).
-7
Suppose -300 = 1427*t - 1352*t. Let a(j) = 3*j**2 + 10*j - 2. Give a(t).
6
Let p(g) = -21*g**2 - 337*g + 4 - 331*g + 1008*g + 69*g**2 - 335*g. Give p(-1).
47
Let b(w) = 4*w**2 + 4 - 2*w - 1 + 0*w + w**3. Let u(s) = s. Let d(l) = l**2 + 4*l - 139. Let j be d(-14). Let r(c) = j*b(c) + 6*u(c). Give r(-3).
0
Suppose x - 41 = -3*d, -51 = -5*d + 5*x + 4. Suppose 2*n + 11 - d = 0. Let u(i) = -n - 3 + 2 + 4 - 2*i. What is u(-4)?
10
Let q = -1585 + 1588. Let r(m) be the second derivative of 14*m + 0 + 1/3*m**4 + m**3 - q*m**2 - 1/20*m**5. Give r(5).
-1
Let a(w) = -7*w + 12 - 4*w - w + 8*w - 2*w. Calculate a(-5).
42
Let k(p) = -2*p. Let m(o) = -2*o - 17. Let j be m(-10). Suppose j*y + 14 = 11. Let i(g) = -3*g**2 - 12*g - 3. Let q(r) = y*i(r) + 5*k(r). Determine q(-2).
11
Let d(x) = x**3 - 2*x**2 + 4*x - 3. Suppose 4*v + 8*v - 1236 = 0. Let b = v + -99. Suppose 3*h + 23 = b*o, o - 7 = 4*h + 15. Determine d(o).
5
Let n = -926 + 929. Suppose 3*f - 3120 = 1437. Let q(h) = 1528 - 4*h + n*h - f. Calculate q(6).
3
Let j(v) = 2*v + 3. Suppose 4*d - 6 = -2*p - 0, 25 = -5*p. Suppose -3*l + 5 = -d*s, 4*l - 5*s = -6*s - 25. Give j(l).
-7
Let m(y) = 5*y**2 - 17*y - 16. Let t(n) = -138*n - 4*n**2 + 63*n + 46*n + 15 + 45*n. Let w be (-12)/10*(6 - 1). Let h(k) = w*t(k) - 5*m(k). What is h(-8)?
14
Let h(k) = k**2 + 13*k + 79. Let g be h(-7). Suppose -4*o + 3*m - 1 = 18, -4*o = 3*m + g. Let d(s) = s**3 + 6*s**2 - 4*s + 2. Calculate d(o).
-19
Let r(q) be the second derivative of -1/6*q**4 + 0 + 1/60*q**5 - 4/3*q**3 + 43*q + 21/2*q**2. Let m(i) be the first derivative of r(i). Determine m(6).
4
Let d(j) = -27*j**2 - 119*j - 299. Let t(h) = -7*h**2 - 30*h - 73. Let u(i) = 6*d(i) - 23*t(i). Determine u(-18).
-7
Let w(b) be the first derivative of b**4/4 + 2*b**3 - b**2 - 6*b - 7. Let v = -39 - -44. Suppose 3*o + 18 = -g, 1 + 11 = -2*o + v*g. What is w(o)?
6
Let p(v) = -16*v**2 - 98*v - 9*v**2 + 116*v + v**3 + 18 - 87 + v**3. Calculate p(12).
3
Let y(o) = o**3 + 10 - 3428*o + 6867*o - 10*o**2 - 3417*o. What is y(5)?
-5
Let v(j) be the third derivative of -j**6/120 + j**5/30 + j**4/6 - 2*j**3/3 - 14*j**2 + 2*j + 22. Determine v(4).
-20
Suppose -68*w + 55*w - 26 = 0. Let c(m) be the first derivative of -m**2 - 3*m + 2. What is c(w)?
1
Suppose -3*y = -7*y - 24. Let i(l) = -23*l**3 - 2*l**2 + 2*l. Let s(g) = -149*g**3 - 10*g**2 + 13*g + 1. Let f(n) = -13*i(n) + 2*s(n). What is f(y)?
2
Let z(p) = 3*p + 254*p**2 - 30 + 17 + 11*p**3 - 239*p**2. Let g(f) = -5*f**3 - 7*f**2 - f + 6. Let w(x) = 9*g(x) + 4*z(x). Give w(-4).
6
Let r(g) = g**2 - 12*g + 1. Let f be -1*((1 - -11)/4 - 3). Suppose -12 = -4*m - p + 37, f = -2*p + 10. Determine r(m).
-10
Suppose -3*d + t = 1, -2*d - 5*t + 106 = 101. Let v(s) be the first derivative of 3 - 1/2*s**2 + 7*s. Calculate v(d).
7
Let i(l) be the first derivative of -l**3/3 - 4*l**2 - 19*l + 9818. Calculate i(-5).
-4
Let p(z) = 11*z + 31. Let s(k) = 7*k + 13. Let v(c) = -4*p(c) + 7*s(c). Determine v(9).
12
Suppose 3*v + 4 = 5*i, 2*v - i + 7 = -2*i. Let j be (-6)/(-4)*2/v. Let t(g) = -21*g - 1. Give t(j).
20
Let h(w) be the second derivative of -w**5/20 - w**4/4 + 41*w**3/6 - w**2/2 + 11*w - 32. Determine h(5).
4
Let q = 17 - 7. Let z(y) = 79*y + 71*y - 280*y + 131*y - 10. What is z(q)?
0
Let n(y) = 10*y**3 + 29*y**2 + 1. Let i be (-4)/96*-4*-18. Give n(i).
-8
Let t(x) = x**3 + x**2 - 5*x + 1. Let f = -26 - -25. Let h(j) = 14*j + 10. Let w be h(f). Determine t(w).
-27
Let v(f) = -32*f + 124. Suppose -4*u + 2*x + 18 = x, -5*u + 5*x + 30 = 0. What is v(u)?
-4
Let o(b) = 6 - b + 4*b + 4*b - 52. Let q be o(6). Let x(c) = -c**3 - 5*c**2 - c - 4. Calculate x(q).
-16
Suppose -515 = -332*w + 384 + 429. Let b(o) = 2*o + 10. Let a(p) = 3*p + 19. Let r(h) = 4*a(h) - 7*b(h). Give r(w).
-2
Let t(b) = b - 8 - 62*b**2 + 4*b + 61*b**2 - 4 + 20. Suppose -2*v = -13*v + 66. What is t(v)?
2
Let w(x) = 3*x**3 + 2*x**2 + 2*x + 1. Suppose 0 = j + v - 11, 3*v + 3 + 12 = 0. Suppose 5*k - 2*l = -j, 8*l = 2*k + 9*l + 1. Determine w(k).
-19
Let h = 435 + -215. Suppose 0 = 2*w - 6*w - h. Let q = w + 46. Let s(c) = c + 5. Calculate s(q).
-4
Let j(s) be the second derivative of s**4/6 + 2*s**3/3 + 7*s**2 - 6*s. Let k(c) be the first derivative of j(c). Calculate k(-2).
-4
Let g(d) be the third derivative of -d**4/12 - d**3/3 - 2*d**2. Suppose -3*p + 2*p - 4*w = -51, 0 = 3*w. Let f = p + -53. Calculate g(f).
2
Suppose 5*s + 4*g - 6 = 0, 0 = 2*s - 59*g + 62*g - 1. Suppose -2*n - 24 = -2*r, s*n - 30 = -3*r - 54. Let y(l) = -l**2 - 12*l - 3. Give y(n).
-3
Let z(f) be the first derivative of -f**2/2 + 5*f + 16. Let r be z(3). Let g(h) = -2 - 3*h - 5*h**2 + 4*h**2 + 0*h**r + 0*h**2. Determine g(-2).
0
Let u(y) = 168*y**3 + 228 - 3*y - 169*y**3 - 229 + 5*y**2. Let p(f) = 3*f - 2. Let w = -5 + 7. Let l be p(w). Determine u(l).
3
Suppose -5*m - 6 = -z, 2 = 5*m + 12. Let s be -1*z/8*(-16)/(-2). Let u be s*3/4 + (-1 - -6). Let x(y) = y**2 - 8*y + 4. Determine x(u).
4
Let o = 30233 + -30261. Let h(k) = k**2 + 25*k - 83. Determine h(o).
1
Let o(n) = -129*n + 1544. Let a be o(12). Let v(j) = j**2 + 3*j - 6. Determine v(a).
-2
Let n = -6363 - -6377. Let j(c) = c**2 - 11*c - 43. Calculate j(n).
-1
Let b(s) = -s**2 + 9*s + 16. Let a(v) = -v**2 - 9*v - 6. Let u be a(-4). Suppose -3*k + 219 - 144 = 0. Let r = k - u. Determine b(r).
-6
Let y be (-2)/(-14) + -1 + (-2580)/28. Suppose 5*g + 2*b - 453 = 0, g = -4*b - 12 + 117. Let s = y + g. Let i(h) = -6*h - 1. Calculate i(s).
23
Let n(p) = -3*p + 35. Let q be n(10). Suppose 17 - 12 = q*r. Suppose -3 = 2*h + r. Let l(s) = -3*s**3 - s**2 + 2. Give l(h).
22
Suppose -4*h = 4*x + 44, 238*h - 235*h = 3*x + 15. Let d(a) = -a + 2 - a + 13*a + a**2. Give d(x).
-22
Let s = 8058/7 + -24167/21. Let p(z) be the first derivative of 3*z**2 + z - s*z**3 + 2. Give p(6).
1
Let j(k) be the first derivative of k**6/360 + k**5/120 + 13*k**4/12 - 7*k**3 - 8. Let x(l) be the third derivative of j(l). Let r = -109 + 109. What is x(r)?
26
Let n(l) = 30*l**2 + 59*l. Let z be n(-2). Let u(s) be the second derivative of 1/6*s**3 - 5/2*s**z + 16*s + 0. Determine u(7).
2
Let z(i) = -5*i**2 - i + 1. Let v(y) = -12*y**2 - 2*y + 2. Let b(l) = -2*v(l) + 5*z(l). Let h(k) = -4*k - 17. Let j be h(-4). What is b(j)?
1
Let t(g) = -g**3 - 2*g**2 + 3*g + 3. Let o = 165 - 145. Suppose 17*k = o*k + 6. Give t(k).
-3
Let a(y) = 